termine d(83).
-39
Let k(i) = -i**3 - 125*i**2 + 1043*i + 173. Determine k(8).
5
Let u(k) = -k**3 + 20*k**2 - 131*k + 294. What is u(5)?
14
Let o(a) = 21*a**2 + 249*a - 778. What is o(3)?
158
Let v(k) = -19*k**2 + 82*k - 543. Calculate v(7).
-900
Let m(j) = -7*j + 232. What is m(-17)?
351
Let f(i) = i**3 - 211*i**2 + 2758*i - 4. Give f(14).
-4
Let g(z) = -9012*z - 53529. What is g(-6)?
543
Let z(w) = w**2 + 250*w - 32788. What is z(95)?
-13
Let o(y) = 7714*y + 732837. What is o(-95)?
7
Let l(b) = 3*b**3 - 499*b**2 + 269*b - 17218. Calculate l(166).
-120
Let a(m) = 3*m**3 - 64*m + 41. Calculate a(0).
41
Let b(j) = -j**3 - 88*j**2 + 93*j - 142. Calculate b(-89).
-498
Let j(q) = q**2 - 133*q - 6512. Give j(-38).
-14
Let x(i) = i**2 + 2154*i - 353019. Give x(153).
-48
Let q(s) = 41457*s**2 + 704774*s + 29. What is q(-17)?
-56
Let y(l) = 200*l - 4190. Calculate y(15).
-1190
Let t(h) = 16*h**2 - 938*h + 4300. What is t(54)?
304
Let u(r) = 103*r + 2049. Give u(-19).
92
Let n(w) = -197*w + 3483. Determine n(20).
-457
Let k(v) = -20*v**3 - 4596*v**2 + 24438*v - 488. Give k(-235).
-18
Let a(w) = 92*w**2 + 935*w + 953. What is a(-9)?
-10
Let a(r) = 11*r**2 - 20*r - 86. What is a(-3)?
73
Let i(y) = y**2 - 2257*y - 285332. What is i(-120)?
-92
Let s(g) = -3608*g - 6901. Calculate s(-2).
315
Let a(l) = -23*l**3 - 10*l**2 + 93*l - 166. Give a(2).
-204
Let q(b) = -13*b**2 - 510*b + 1093. What is q(-42)?
-419
Let i(b) = 3*b**3 - 84*b**2 - 613*b - 73. What is i(-6)?
-67
Let i(s) = 33263*s + 99759. What is i(-3)?
-30
Let w(v) = 6*v**2 + 125*v - 3127. Calculate w(-36).
149
Let r(o) = -518*o**2 - 2010*o + 95. Give r(-4).
-153
Let j(f) = f**2 - 6344*f - 31717. Give j(-5).
28
Let y(b) = 29*b**2 + 216*b - 84. Calculate y(-11).
1049
Let u(p) = -5*p**2 - 1785*p + 8883. Determine u(5).
-167
Let h(z) = 7*z**2 + 558*z - 177. Calculate h(-80).
-17
Let r(x) = 3*x**3 - 350*x**2 - 18*x - 11564. Calculate r(117).
19
Let b(o) = -15283*o + 366810. Determine b(24).
18
Let a(r) = -r**3 - 7*r**2 + 4492*r + 49274. Give a(-11).
346
Let z(l) = -5741*l + 1601737. Give z(279).
-2
Let r(o) = -67959*o - 883396. Give r(-13).
71
Let h(t) = 7*t**2 + 2671*t + 9456. Determine h(-378).
6
Let r(q) = 2053*q + 172466. Determine r(-84).
14
Let v(t) = -3*t**3 + 37*t**2 - 31*t + 131. Give v(12).
-97
Let z(j) = 3*j**3 + 236*j**2 - 6272*j - 82. Calculate z(21).
65
Let q(j) = j**3 - 364*j**2 + 39*j - 14165. Determine q(364).
31
Let c(v) = v**3 - 122*v**2 + 110*v - 168812. Determine c(131).
47
Let i(x) = -x**2 + 22744*x + 478053. Calculate i(-21).
-12
Let y(f) = f**2 + 186*f + 8464. Calculate y(-81).
-41
Let x(l) = 3*l**2 - 438*l - 1774. Determine x(-4).
26
Let w(n) = -29*n**2 + 1384*n - 16429. Calculate w(24).
83
Let t(k) = -14163*k - 1586195. What is t(-112)?
61
Let x(j) = 9331738*j + 27995210. Calculate x(-3).
-4
Let a(p) = 5*p**3 + 20*p**2 - 4*p - 159. Give a(-6).
-495
Let b(h) = -245*h + 4951. Determine b(24).
-929
Let a(z) = z**3 - 16*z**2 - 2952*z + 27129. Determine a(9).
-6
Let r(k) = 13*k**3 - 146*k**2 - 305*k - 14. What is r(-2)?
-92
Let z(h) = 1171*h + 236565. What is z(-202)?
23
Let r(l) = 21783*l + 1590148. Give r(-73).
-11
Let n(g) = -g**3 + 23*g**2 - 153*g + 1913. Give n(20).
53
Let w(z) = -11*z**2 + 1863*z + 3906. Determine w(172).
-1082
Let o(n) = 4989*n**2 - 843145*n + 684. What is o(169)?
8
Let a(t) = t**3 - 122*t**2 + 3796*t - 4555. Calculate a(60).
5
Let t(s) = -3*s**3 - 194*s**2 + 38*s - 1257. Determine t(-65).
498
Let u(m) = -14*m**2 + 21840*m - 43628. Calculate u(2).
-4
Let j(v) = -v**3 - 200*v**2 + 15290*v + 1741. Determine j(-259).
-590
Let s(v) = -1437*v + 329749. Give s(230).
-761
Let q(z) = 3*z**2 + 58288*z + 2036405. Determine q(-35).
0
Let y(s) = 15*s**3 + 4*s**2 - 5*s - 7. Determine y(-1).
-13
Let z(b) = -b**2 - 98*b + 1400. Calculate z(15).
-295
Let j(n) = 4779*n - 4735. Determine j(1).
44
Let p(a) = -a**3 - 37*a**2 - 66*a - 31. Give p(-35).
-171
Let g(t) = -t**3 + 95*t**2 + 2310*t - 1144. Calculate g(115).
6
Let h(a) = -a**2 - 833*a - 143905. Calculate h(-247).
837
Let n(i) = -337*i**2 + 2667*i - 3977. What is n(2)?
9
Let k(f) = -2*f**2 + 183*f + 813. Determine k(96).
-51
Let w(s) = 6645*s - 25. What is w(0)?
-25
Let i(d) = -921*d + 23039. Determine i(28).
-2749
Let n(p) = 635*p - 110488. What is n(174)?
2
Let l(y) = 88078*y**2 + 528464*y - 48. Calculate l(-6).
-24
Let h(d) = -3*d**2 + 2600*d + 28974. Give h(-11).
11
Let f(h) = 2*h**2 - 78*h - 4254. Give f(65).
-874
Let c(i) = i**2 - 73*i - 2387. What is c(47)?
-3609
Let p(b) = 584*b + 10614. Give p(-18).
102
Let t(n) = -136337*n + 11861321. Determine t(87).
2
Let z(h) = h**2 - 754*h + 78226. Calculate z(124).
106
Let s(l) = 84*l**2 + 448*l - 161. Give s(-6).
175
Let s(k) = 547*k**3 + 7*k**2 + 6*k - 16. Determine s(2).
4400
Let r(g) = -1123*g - 5937. Calculate r(-8).
3047
Let t(d) = -55*d**2 + 6730*d + 4213. Give t(123).
-92
Let n(j) = -1194*j**2 - 9542*j + 65. What is n(-8)?
-15
Let k(f) = -8*f**3 + 24*f**2 + 58*f - 179. What is k(3)?
-5
Let q(r) = -2*r**3 - 70*r**2 - 405*r + 472. Calculate q(-27).
-257
Let k(a) = -75208*a + 4662932. Determine k(62).
36
Let u(d) = 2*d**3 - 225*d**2 + 5891*d + 1293. Calculate u(42).
-9
Let w(v) = 25045*v - 125255. Give w(5).
-30
Let u(q) = -3*q**3 - 2*q**2 + 37*q - 28. Give u(6).
-526
Let h(a) = -a**2 - 2828*a + 338387. Give h(115).
-58
Let x(b) = -385*b**2 - 71229*b - 762. Give x(-185).
-22
Let k(z) = 7*z**3 - 180*z**2 + 133*z - 189. Determine k(25).
11
Let x(j) = -2935*j - 178983. Determine x(-61).
52
Let r(m) = -8*m**3 + 37*m**2 + 136*m - 6. Give r(-4).
554
Let h(t) = -6*t**3 - 311*t**2 + 65*t + 111. Give h(-52).
-565
Let a(t) = t**3 + 348*t**2 - 3213*t - 27. Determine a(-357).
-27
Let l(g) = -g**3 + 274*g**2 + 192*g - 52606. What is l(274)?
2
Let z(i) = -85*i - 9143. Calculate z(-106).
-133
Let i(w) = 88*w - 2026. Determine i(7).
-1410
Let j(s) = -469711*s - 15970175. What is j(-34)?
-1
Let v(b) = 5*b**3 - 31*b**2 + 68*b - 86. Give v(4).
10
Let y(n) = n**3 - 195*n**2 - 130*n - 13335. Calculate y(196).
-399
Let w(o) = -o**2 + 126607*o - 74. Calculate w(0).
-74
Let x(w) = 2217*w + 4250. Calculate x(-2).
-184
Let z(v) = 3633*v + 134463. Calculate z(-37).
42
Let o(p) = p**3 - 61*p**2 + 452*p - 5. Determine o(9).
-149
Let s(y) = -y**3 - 38*y**2 - 509*y + 45. What is s(-12)?
2409
Let d(r) = r**2 + 916*r + 209790. Give d(-435).
555
Let g(v) = v**3 - 2*v**2 - 126*v + 66. What is g(0)?
66
Let s(d) = -5347*d**2 + 48124*d + 46. What is s(9)?
55
Let i(r) = -63*r**3 - 822*r**2 + 854*r + 208. Determine i(-14).
12
Let p(f) = -f**3 + 143*f**2 - 926*f + 631. Determine p(6).
7
Let k(t) = 5973*t + 603052. Calculate k(-101).
-221
Let p(h) = 25*h**2 + 2443*h - 19124. What is p(-105)?
-14
Let s(b) = -8*b**2 - 2523*b - 24407. Determine s(-10).
23
Let i(w) = -w**3 + 325*w**2 + 120*w - 143831. Give i(324).
25
Let d(o) = 1805*o - 3585. Give d(4).
3635
Let s(g) = -96*g**2 + 13*g - 31. Give s(2).
-389
Let o(v) = 25*v + 1193. What is o(-78)?
-757
Let l(s) = s**2 + 12457*s + 793157. Calculate l(-64).
5
Let v(c) = -207*c**2 + 21*c + 5. Determine v(1).
-181
Let l(b) = -b**3 + 9*b**2 - 4185*b + 24990. Calculate l(6).
-12
Let l(v) = v**3 - 242*v**2 - 146*v - 83437. Give l(244).
11
Let z(t) = -t**2 + 297*t + 32932. Calculate z(-86).
-6
Let b(r) = -r**3 - 18*r**2 + 300*r + 1180. Calculate b(-26).
-1212
Let j(x) = -5989*x - 24078. Calculate j(-4).
-122
Let q(n) = -2*n**3 + 4*n**2 + 21*n + 181. Give q(6).
19
Let f(z) = 3*z**2 + 319*z - 35977. Determine f(-175).
73
Let a(d) = 3*d**2 - 13973*d - 1646573. Determine a(-115).
-3
Let q(i) = 292*i**2 + 9352*i + 22. Calculate q(-32).
-234
Let o(a) = -168*a + 46927. What is o(279)?
55
Let u(r) = 21*r**3 - 900*r**2 - 125*r - 82. Give u(43).
90
Let v(y) = 7951*y + 127980. Calculate v(-16).
764
Let l(n) = 17*n**2 + 994*n + 617. Determine l(-58).
153
Let l(v) = 727758*v - 2183282. Give l(3).
-8
Let p(c) = -4402*c + 35034. What is p(8)?
-182
Let p(n) = 620868*n - 1241730. Calculate p(2).
6
Let j(x) = 3*x**3 - 68*x**2 + 426*x - 759. Calculate j(6).
-3
Let o(a) = 15347*a - 261229. Determine o(17).
-330
Let n(d) = -2842*d - 138974. What is n(-49)?
284
Let u(n) = 2*n**3 - 47*n**2 - 556*n + 96. What is u(-12)?
-3456
Let k(j) = 19*j**2 - 531*j + 1393. What is k(3)?
-29
Let a(k) = 86276